t of 695439836?
4
What is the hundreds digit of 208435761?
7
What is the hundreds digit of 244906726?
7
What is the thousands digit of 53148911?
8
What is the tens digit of 801527633?
3
What is the hundred millions digit of 199734594?
1
What is the units digit of 15265803?
3
What is the tens digit of 6959714?
1
What is the units digit of 25935778?
8
What is the tens digit of 1887408621?
2
What is the hundred thousands digit of 347345?
3
What is the tens digit of 5237715216?
1
What is the hundred millions digit of 1428179294?
4
What is the hundred thousands digit of 24053691?
0
What is the units digit of 137223019?
9
What is the thousands digit of 830581884?
1
What is the hundreds digit of 5736753?
7
What is the hundred millions digit of 239317929?
2
What is the tens digit of 38332457?
5
What is the hundred thousands digit of 591045764?
0
What is the tens digit of 298186000?
0
What is the units digit of 88491100?
0
What is the billions digit of 2626047646?
2
What is the thousands digit of 1622497032?
7
What is the millions digit of 2686291745?
6
What is the units digit of 278253975?
5
What is the tens digit of 18501538?
3
What is the millions digit of 100622210?
0
What is the hundred millions digit of 352586127?
3
What is the millions digit of 94966089?
4
What is the millions digit of 748470169?
8
What is the thousands digit of 250321953?
1
What is the millions digit of 98571373?
8
What is the millions digit of 103442039?
3
What is the hundred thousands digit of 19015256?
0
What is the tens digit of 2726488605?
0
What is the thousands digit of 270007932?
7
What is the ten millions digit of 155177600?
5
What is the ten millions digit of 307507383?
0
What is the hundred millions digit of 3408002594?
4
What is the millions digit of 12123045?
2
What is the tens digit of 14746150?
5
What is the thousands digit of 2927131019?
1
What is the tens digit of 163957905?
0
What is the thousands digit of 581255880?
5
What is the millions digit of 249328991?
9
What is the millions digit of 313573238?
3
What is the hundreds digit of 1509904306?
3
What is the hundreds digit of 293990625?
6
What is the hundred millions digit of 323191359?
3
What is the thousands digit of 162126561?
6
What is the units digit of 72918408?
8
What is the hundreds digit of 154615373?
3
What is the billions digit of 1472627826?
1
What is the hundreds digit of 226035312?
3
What is the hundred thousands digit of 350514051?
5
What is the ten millions digit of 84745128?
8
What is the ten thousands digit of 23720573?
2
What is the units digit of 59978560?
0
What is the ten thousands digit of 694744417?
4
What is the hundred thousands digit of 288324509?
3
What is the thousands digit of 1936589696?
9
What is the hundred millions digit of 1961779568?
9
What is the tens digit of 648751552?
5
What is the ten thousands digit of 164079226?
7
What is the hundred thousands digit of 198045872?
0
What is the millions digit of 69238461?
9
What is the hundred thousands digit of 60151266?
1
What is the ten millions digit of 43830707?
4
What is the units digit of 2351881822?
2
What is the thousands digit of 1205995700?
5
What is the thousands digit of 54178825?
8
What is the ten millions digit of 610829952?
1
What is the units digit of 342842202?
2
What is the ten millions digit of 73439729?
7
What is the ten millions digit of 1666807081?
6
What is the thousands digit of 198746168?
6
What is the thousands digit of 20515588?
5
What is the ten thousands digit of 260331645?
3
What is the units digit of 1721277672?
2
What is the units digit of 118412205?
5
What is the thousands digit of 59226183?
6
What is the ten thousands digit of 470701649?
0
What is the units digit of 482912685?
5
What is the thousands digit of 373595737?
5
What is the hundred thousands digit of 62719235?
7
What is the ten millions digit of 1659015839?
5
What is the ten millions digit of 148328633?
4
What is the ten millions digit of 3305018961?
0
What is the thousands digit of 42353133?
3
What is the hundred thousands digit of 236016189?
0
What is the hundred millions digit of 628135141?
6
What is the millions digit of 21748234?
1
What is the hundreds digit of 811742174?
1
What is the units digit of 21486854?
4
What is the millions digit of 231800773?
1
What is the thousands digit of 5021818761?
8
What is the tens digit of 274033373?
7
What is the units digit of 242251388?
8
What is the millions digit of 5014208?
5
What is the tens digit of 455891090?
9
What is the tens digit of 1728704406?
0
What is the ten thousands digit of 26843393?
4
What is the tens digit of 225401923?
2
What is the hundred thousands digit of 355273509?
2
What is the thousands digit of 22227304?
7
What is the hundred thousands digit of 5498117607?
1
What is the hundred millions digit of 1436909734?
4
What is the hundred millions digit of 1497523482?
4
What is the units digit of 435231494?
4
What is the units digit of 25933801?
1
What is the units digit of 47980823?
3
What is the hundred thousands digit of 1618830239?
8
What is the ten millions digit of 2175658123?
7
What is the millions digit of 152152403?
2
What is the thousands digit of 5489039?
9
What is the hundred thousands digit of 50734839?
7
What is the units digit of 72484415?
5
What is the tens digit of 812648510?
1
What is the hundreds digit of 1467680429?
4
What is the hundreds digit of 164685966?
9
What is the thousands digit of 809509127?
9
What is the millions digit of 148083824?
8
What is the ten thousands digit of 36211394?
1
What is the thousands digit of 2522916822?
6
What is the hundreds digit of 2648355893?
8
What is the ten millions digit of 2217383876?
1
What is the ten thousands digit of 1009332137?
3
What is the tens digit of 89875990?
9
What is the ten thousands digit of 64543576?
4
What is the hundred millions digit of 811341204?
8
What is the ten thousands digit of 19610006?
1
What is the tens digit of 5953888912?
1
What is the ten thousands digit of 1943537065?
3
What is the units digit of 102636191?
1
What is the hundred thousands digit of 1485617306?
6
What is the millions digit of 5839950524?
9
What is the millions digit of 374243785?
4
What is the ten thousands digit of 942516736?
1
What is the hundred millions digit of 527092992?
5
What is the hundreds digit of 1285659273?
2
What is the hundreds digit of 144108413?
4
What is the billions digit of 1009040803?
1
What is the ten millions digit of 2775406773?
7
What is the thousands digit of 5404283?
4
What is the tens digit of 8265423123?
2
What is the hundreds digit of 375023582?
5
What is the tens digit of 18653631?
3
What is the hundred millions digit of 554251515?
5
What is the ten millions digit of 593378425?
9
What is the millions digit of 22465678?
2
What is the units digit of 3090231789?
9
What is the hundreds digit of 41740512?
5
What is the units digit of 120918?
8
What is the ten millions digit of 894690996?
9
What is the hundreds digit of 48993416?
4
What is the hundreds digit of 137170722?
7
What is the ten millions digit of 196910171?
9
What is the ten thousands digit of 100948742?
4
What is the ten millions digit of 13202669?
1
What is the hundreds digit of 1311203042?
0
What is the thousands digit of 100486991?
6
What is the millions digit of 5409156171?
9
What is the ten thousands digit of 72481520?
8
What is the units digit of 963545430?
0
What is the hundred thousands digit of 28937866?
9
What is the ten thousands digit of 1460661843?
6
What is the hundred thousands digit of 59174557?
1
What is the thousands digit of 2929029121?
9
What is the ten millions digit of 22516774?
2
What is the thousands digit of 52963725?
3
What is the units digit of 87932824?
4
What is the ten thousands digit of 152744665?
4
What is the thousands digit of 4707337007?
7
What is the hundred millions digit of 2056286374?
0
What is the ten thousands digit of 47793362?
9
What is the hundred millions digit of 445705472?
4
What is the units digit of 36482007?
7
What is the tens digit of 147669614?
1
What is the billions digit of 4409205097?
4
What is the ten thousands digit of 637878378?
7
What is the hundred thousands digit of 32330681?
3
What is the units digit of 31834533?
3
What is the thousands digit of 32683035?
3
What is the hundr